4 = 5*z. List the prime factors of n.
2, 3, 11
Let b = 16 - -219. What are the prime factors of b?
5, 47
Let y(k) = -7*k - 3. Let p be y(-3). Suppose -4*w + u = -15, 2*w - w = 5*u + p. List the prime factors of w.
3
Suppose 8 = 2*b - 3*s - 11, 0 = 4*b + 5*s + 17. List the prime factors of (-58)/(-4) - b/(-4).
3, 5
Let u(z) = -z**3 + 6*z**2 - 2*z + 8. Let d be u(6). Let k be -2 - -3 - (d + -1). Suppose -x = -4*g + 10, k*x + 7 = 2*x + 5*g. List the prime factors of x.
2
Let n = 0 + -15. List the prime factors of (-5)/n - 286/(-6).
2, 3
Let y(p) = 2*p**3 - 11*p**2 - 2*p + 20. What are the prime factors of y(8)?
2, 3
Let j be (-334)/(-6) + (-5)/(-15). Let o = -37 + j. What are the prime factors of o?
19
Suppose -4*d = 4*x - d - 70, 5*x + 5*d - 85 = 0. What are the prime factors of x?
19
Let g be (4/10)/(2/(-50)). Let x(u) = -u**2 - 11*u - 5. What are the prime factors of x(g)?
5
Let t(i) = -i**2 - 8*i + 4. Let s be 2/((-6)/45)*1. Let g = 9 + s. What are the prime factors of t(g)?
2
Let p be ((-12)/(-9))/(2/3). Let m be p/(-7) - (-103)/(-7). What are the prime factors of (m/(-6) + -2)*4?
2
Suppose -269 = -4*j + 47. List the prime factors of j.
79
Suppose 0 = -3*z - 12, -5*h + 180 = -4*h + z. What are the prime factors of h?
2, 23
Let n(l) = 48*l. Let h be n(2). Suppose -9*z = -12*z + h. What are the prime factors of z?
2
Let k = 11 - 8. Suppose -k*u + 0*u = -54. What are the prime factors of u?
2, 3
Suppose 7 = 4*m + 5*w - 4, 4*w = -m. List the prime factors of m.
2
Suppose 2*j - 3*l - 52 = 0, 6*j - l - 78 = 3*j. Suppose 3*o - 4*y = 10, 4*y - j = 3*o + 9*y. Let t(b) = -4*b**3 - 3*b**2 + 2. List the prime factors of t(o).
2, 11
Suppose -4 = -4*i - 0*i. Let n(k) = -7*k**2 + 4*k - 4. Let v(h) = -21*h**2 + 11*h - 11. Let b(y) = 8*n(y) - 3*v(y). List the prime factors of b(i).
7
Let a(s) = s**3 + s**2 + s + 2. Let w be a(0). Suppose t - 16 = -r + w, -3*r - 74 = -5*t. What are the prime factors of t?
2
What are the prime factors of (-1)/(-10)*4 - (-18)/5?
2
Let x = -373 + 569. List the prime factors of x.
2, 7
List the prime factors of 4 - ((-12)/(-54) + (-382)/18).
5
Suppose 2*d = 5 + 3. Suppose b - d*b = -21. List the prime factors of b.
7
Let t(s) = -10*s + 2. List the prime factors of t(-4).
2, 3, 7
Let x(b) = -b + 21. What are the prime factors of x(-17)?
2, 19
Let i(n) = n**3 + n - 4. Let q be i(0). What are the prime factors of (-1)/4 + (-41)/q?
2, 5
Suppose -3*h = -h - 6. Suppose -18 - 1 = -p - h*i, -29 = -2*p - 3*i. What are the prime factors of p?
2, 5
Suppose -4*l = -l. Suppose l*u + u - 6 = 0. Let f(a) = a**2 - 7*a + 9. List the prime factors of f(u).
3
Let q(u) = u**3 + 14*u**2 - 18*u + 7. Let v be q(-15). Let t = -24 + v. List the prime factors of t.
2, 7
Let i = 18 - 8. Suppose 0*z - 3*z - 7 = 2*j, 4*j = 2*z + i. List the prime factors of (4/(-8))/(j/(-12)).
2, 3
Let c be -1*1 - (1 - 38). Let n = c + -21. List the prime factors of -9*(-5)/(n/2).
2, 3
What are the prime factors of (-30)/12*1/5*-66?
3, 11
Let p be 36/15*(14 - 4). Suppose 0 = 6*m - 2*m - p. List the prime factors of m.
2, 3
Let k(q) = -8*q + 10. List the prime factors of k(-4).
2, 3, 7
Let t = -7 + 34. Suppose -f - t = -5*q + 8, -5*q = -3*f - 45. What are the prime factors of q?
2, 3
Let z(n) = n**2 - 5*n - 2. Let o be z(4). Let s = 1 + -11. Let p = o - s. What are the prime factors of p?
2
Suppose 7*i - 210 = 2*i. What are the prime factors of i?
2, 3, 7
Let k be (-3)/6*1*-8. Suppose -u - k = -x - x, -4*x = u - 26. List the prime factors of ((-3)/u)/((-1)/36).
2, 3
Suppose -25*m = -20*m - 30. Let w = m - -31. List the prime factors of w.
37
Let t be -4*(-3 - 6)*2. List the prime factors of (-16)/t + (-56)/(-9).
2, 3
Let p be (-1 - (-3 + 2))/(-2). Let k = p - 6. Let g(i) = i**2 + 5*i + 5. What are the prime factors of g(k)?
11
Let i = 58 - 39. Let n = i - 34. Let x = n - -26. List the prime factors of x.
11
Let t(d) = d**2 + 8*d + 4. Let u(v) = 2*v + 2. Let r be u(-5). Let h be t(r). Suppose 8*q = 3*q - 25, 1 = h*n + 3*q. What are the prime factors of n?
2
Suppose -3 = 3*d - 0. Let z be 15/6 - d/2. Suppose 2*u - 55 = -z*u. List the prime factors of u.
11
Let q(h) = h**2 - 8*h + 8. What are the prime factors of q(15)?
113
What are the prime factors of (-12)/4 - -37 - 0?
2, 17
Let k(c) = c**2 + 5*c + 5. Let u be k(-4). Let a be -1*u*(5 + -14). Let j = a - 3. List the prime factors of j.
2, 3
Suppose 0 = -g - 0*g + 42. Suppose 3*t + 4*m = g, 4*t + 4*m + 0*m = 52. What are the prime factors of t?
2, 5
Let m(s) = -s + 20. Let l be ((2 - 2)/2)/2. Let r be m(l). Suppose -b + 5*b - r = 0. What are the prime factors of b?
5
Let h(z) = -z**2 - z**3 + 5 + 4 + 13*z**2 + 14*z - 3. What are the prime factors of h(13)?
19
Suppose 610 = -11*n + 13*n. List the prime factors of n.
5, 61
Let n(k) = -5*k + 1. Suppose 5*i + 11 = 1. List the prime factors of n(i).
11
Let t(z) = z**2 + z - 2. Let a be t(-3). Suppose -37 = -a*q + 3*x, -9 = -q + x - 0*x. List the prime factors of q.
2, 5
Suppose -4*c = 3*g - 80, -g = -2*c + g + 54. List the prime factors of c.
23
Let z = 23 - 15. List the prime factors of z.
2
Let h = -54 - -96. What are the prime factors of h?
2, 3, 7
Let n = -7 - -8. List the prime factors of 226/12 + n/6.
19
Let p(k) be the third derivative of k**5/60 + k**4/24 - k**3 - 2*k**2. What are the prime factors of p(-5)?
2, 7
Suppose a = -4*q - 39 - 96, -3*q = -a + 103. Let w be -2 - (-2)/((-4)/q). Let n = 22 - w. What are the prime factors of n?
7
Let y(a) = -8*a - 1. Let i(z) = -z**2 + 8*z - 8. Let w be i(7). List the prime factors of y(w).
7
Let s(n) = -n + 17. Let z be s(9). Let g = z + -1. List the prime factors of g.
7
Let t be (2/6*0)/(-2). Suppose -8*y + 3*y + 70 = t. List the prime factors of y.
2, 7
Let q(j) = j**2 - 3*j - 1. Let k be q(4). Suppose 2 - 7 = m + 3*x, -k*x - 15 = 0. List the prime factors of m.
2, 5
Suppose -20 = -5*z + 110. Let a = z + -17. What are the prime factors of a?
3
Suppose -2*h = 5*c + 1, 0 = 4*c + h - 0 + 2. What are the prime factors of -1 - c - (-21 - -5)?
2
Let u(o) = o**3 + 12*o**2 - 3*o + 9. What are the prime factors of u(-12)?
3, 5
Let v(k) = k**3 + 8*k**2 + k - 3. What are the prime factors of v(-7)?
3, 13
Let y be 5/((9/(-6))/3). What are the prime factors of (-345)/6*8/y?
2, 23
Suppose 0 = s + 4, 9*s - 4*s + 20 = 4*r. Suppose -5*m + 2*m + 51 = r. List the prime factors of m.
17
Let l = 26 - 14. Suppose l = 3*h - 39. List the prime factors of h.
17
Let x(d) = -4*d. List the prime factors of x(-9).
2, 3
Let w(o) = o**3 + 8*o**2 - 8*o + 11. List the prime factors of w(-9).
2
Let p(o) = -o + 34. Let b be (-4)/18 + (-30)/(-135). What are the prime factors of p(b)?
2, 17
Let w = 173 - 123. Suppose -p + 6*p = w. List the prime factors of p.
2, 5
Let w = -47 + 80. List the prime factors of w.
3, 11
Suppose -2*a + 2 = 0, -5*c + 2*a + 1 = -7. What are the prime factors of c?
2
Let h = 2 + 9. List the prime factors of h.
11
Let m = 18 + -16. Suppose 5*p + 10 = d + 41, d + 10 = m*p. What are the prime factors of p?
7
Suppose -104 = -7*t + 162. Suppose 70 + t = 4*g. What are the prime factors of g?
3
Let l = 10 + -5. List the prime factors of l.
5
Let n(a) = -a + 6. Let t be n(6). Suppose t = z - 11. What are the prime factors of z?
11
Let f = 2 - -25. List the prime factors of f.
3
Let z(n) = n + 4. Let u be z(-4). Suppose u = -0*x - 2*x - 48. List the prime factors of ((-1)/(-2))/((-1)/x).
2, 3
Let w be (2 - -32)*(-2)/(-4). Let g = 27 - w. What are the prime factors of g?
2, 5
Let h(a) = -3*a**3 - 5*a**2 + a - 4*a**2 + 2*a**3 - 11 - 3*a. What are the prime factors of h(-9)?
7
Let w = -5 + 8. Let a = w + -3. Suppose a*v = -v + g + 2, -8 = -4*v - 2*g. What are the prime factors of v?
2
Let c(h) = -h + 1. Let u(v) = 3. Let a(r) = 3*c(r) - 3*u(r). List the prime factors of a(-5).
3
Let z(o) be the second derivative of -3*o**5/10 - o**4/12 - o**3/6 + 2*o. What are the prime factors of z(-1)?
2, 3
Let c = -3 + -10. Let u = c + 31. List the prime factors of u.
2, 3
Let z be 1/4 - (-110)/8. Let m be (z/(-4))/(4/(-8)). Let c = m + 1. List the prime factors of c.
2
Let h(f) = 24*f**2 - 3*f. List the prime factors of h(2).
2, 3, 5
Suppose 4 = -6*j + 130. What are the prime factors of j?
3, 7
Let y be 1*((2 - 0) + 3). Suppose 4*q - 35 = y. What are the prime f